332 (base 4) to base 12.
-1a7a
What is -1001301 (base 4) in base 3?
-12202220
Convert -3088 (base 9) to base 16.
-8db
-328 (base 12) to base 8
-720
Convert -279 (base 12) to base 16.
-17d
What is 1003010 (base 4) in base 8?
10304
Convert 1200110 (base 3) to base 14.
639
What is -11382 (base 11) in base 14?
-5db3
1a8 (base 11) to base 12
17b
What is -131312 (base 5) in base 6?
-40035
Convert -50197 (base 10) to base 12.
-25071
Convert 254526 (base 7) to base 5.
3003011
What is a8 (base 16) in base 14?
c0
Convert -100210 (base 3) to base 13.
-174
What is 1110330 (base 5) in base 6?
230041
What is 3577 (base 8) in base 15?
87e
What is 112004 (base 5) in base 10?
4004
What is a662 (base 12) in base 13?
83a5
Convert -2412 (base 13) to base 3.
-20222100
Convert 53052 (base 7) to base 6.
140303
What is 57353 (base 9) in base 12?
1a133
Convert -4430 (base 15) to base 11.
-a942
What is -10715 (base 10) in base 4?
-2213123
-1757 (base 9) to base 2
-10101000100
-42118 (base 9) to base 12
-14108
What is 1284 (base 16) in base 9?
6446
-183b1 (base 12) to base 7
-204256
What is eb10 (base 15) in base 8?
141114
Convert aba (base 13) to base 14.
959
1001000 (base 2) to base 14
52
Convert -57c (base 14) to base 13.
-65b
What is c (base 14) in base 2?
1100
What is 7556 (base 9) in base 11?
41a4
What is -31581 (base 10) in base 9?
-47280
What is 223 (base 11) in base 14?
151
2543 (base 8) to base 14
707
Convert -10132 (base 4) to base 15.
-141
Convert 1aaa (base 16) to base 14.
26b8
11010100001100 (base 2) to base 12
7a38
60669 (base 10) to base 12
2b139
Convert -112 (base 5) to base 11.
-2a
-2233 (base 7) to base 6
-3424
4086 (base 15) to base 13
6282
Convert -1010100110100 (base 2) to base 16.
-1534
6501 (base 12) to base 14
4081
Convert -93b (base 14) to base 5.
-24232
Convert 56b (base 15) to base 16.
4ca
-28054 (base 9) to base 5
-1102003
-313300 (base 4) to base 6
-24304
-211120 (base 4) to base 13
-1120
Convert 14646 (base 7) to base 9.
5556
What is 532 (base 8) in base 14?
1aa
What is 14024 (base 5) in base 15?
50e
-1431135 (base 6) to base 2
-10100000000000011
-de2d (base 15) to base 3
-2101120021
Convert -100212101 (base 3) to base 15.
-21e7
-400 (base 7) to base 2
-11000100
24a (base 16) to base 6
2414
What is -15c5c (base 13) in base 15?
-c51b
Convert 14 (base 10) to base 8.
16
1825 (base 15) to base 13
24aa
What is 23532 (base 8) in base 15?
2eb9
-20044 (base 5) to base 16
-4fa
What is -10101221 (base 3) in base 14?
-c94
-1010100001110 (base 2) to base 6
-40542
What is -41 (base 14) in base 7?
-111
Convert 579 (base 14) to base 8.
2077
What is -12001320 (base 4) in base 13?
-b319
What is -1110002 (base 3) in base 7?
-3035
-16661 (base 13) to base 14
-1187a
What is 3243 (base 6) in base 2?
1011101011
-112210 (base 5) to base 15
-1305
656 (base 7) to base 6
1315
32502 (base 8) to base 16
3542
3231 (base 11) to base 6
31433
Convert -101112011 (base 3) to base 14.
-2b20
Convert -5093 (base 16) to base 15.
-61a2
7 (base 12) to base 16
7
-434 (base 13) to base 7
-2045
What is 201001011 (base 3) in base 14?
50b8
What is -591 (base 16) in base 4?
-112101
Convert 292c (base 13) to base 3.
22011111
Convert -105 (base 15) to base 8.
-346
10002001 (base 3) to base 11
1759
50957 (base 10) to base 14
147db
-384 (base 9) to base 6
-1251
-386 (base 12) to base 14
-2a2
Convert 10043 (base 8) to base 4.
1000203
-30001 (base 4) to base 11
-63a
221 (base 16) to base 9
665
What is 23341 (base 8) in base 15?
2e38
What is 247 (base 9) in base 4?
3031
-3323 (base 5) to base 14
-251
What is -3a77 (base 11) in base 4?
-1102213
Convert -11123 (base 5) to base 14.
-404
What is cc0 (base 13) in base 11?
1706
-a526 (base 11) to base 16
-3677
Convert 2111 (base 3) to base 5.
232
Convert -5b (base 13) to base 3.
-2211
What is -21358 (base 11) in base 3?
-1120120121
-295 (base 11) to base 9
-424
What is c54 (base 13) in base 3?
2212200
-42742 (base 8) to base 7
-103105
5 (base 6) to base 3
12
-5324 (base 8) to base 9
-3720
Convert -562 (base 16) to base 5.
-21003
What is -107 (base 12) in base 5?
-1101
What is 13467 (base 8) in base 16?
1737
What is -10 (base 4) in base 6?
-4
27c4 (base 15) to base 7
33544
Convert -45792 (base 10) to base 3.
-2022211000
What is -36b (base 16) in base 8?
-1553
What is -13b (base 13) in base 11?
-18a
What is -7487 (base 10) in base 15?
-2342
What is 1000110010 (base 2) in base 5?
4222
-4594 (base 11) to base 2
-1011110010000
What is 146 (base 8) in base 3?
10210
Convert -2016 (base 13) to base 2.
-1000100111101
What is -1001202 (base 3) in base 7?
-2156
Convert 122200 (base 3) to base 15.
21c
Convert -321131 (base 4) to base 16.
-e5d
-12102021 (base 3) to base 10
-3949
What is -3033 (base 6) in base 5?
-10134
Convert 1237 (base 10) to base 5.
14422
855 (base 9) to base 13
419
Convert -100000 (base 3) to base 5.
-1433
What is -cee (base 15) in base 14?
-10cc
What is -116 (base 10) in base 11?
-a6
What is 2623 (base 9) in base 7?
5505
What is -2212110 (base 3) in base 8?
-4053
Convert 1151 (base 7) to base 13.
26c
-271 (base 15) to base 2
-1000101100
Convert 25251 (base 6) to base 8.
7277
What is -510312 (base 6) in base 5?
-2242132
15a2 (base 12) to base 8
5012
Convert 6748 (base 11) to base 10.
8885
Convert 1497 (base 13) to base 8.
5665
-540 (base 12) to base 6
-3320
60 (base 12) to base 15
4c
Convert 1736 (base 10) to base 8.
3310
What is -10050 (base 6) in base 2?
-10100101110
Convert 178 (base 16) to base 13.
22c
What is 2145 (base 7) in base 11?
639
Convert -20335 (base 11) to base 9.
-44641
-10e9 (base 15) to base 4
-320022
Convert -403 (base 16) to base 13.
-610
What is 406 (base 8) in base 14?
14a
233340 (base 5) to base 7
34026
Convert -659b (base 16) to base 2.
-110010110011011
What is -20110122 (base 3) in base 6?
-33455
Convert 264 (base 8) to base 9.
220
Convert -364 (base 13) to base 7.
-1501
What is -5d (base 16) in base 11?
-85
-5310 (base 10) to base 11
-3a98
What is -10354 (base 9) in base 15?
-206d
Convert 131e4 (base 16) to base 4.
103013210
-596 (base 12) to base 2
-1101000010
-222 (base 6) to base 15
-5b
What is -203501 (base 6) in base 11?
-11342
Convert -31103 (base 5) to base 8.
-3754
-183 (base 11) to base 6
-552
Convert -1123 (base 10) to base 11.
-931
Convert 2d1 (base 15) to base 4.
22012
What is 723 (base 14) in base 16?
57b
Convert -12757 (base 9) to base 15.
-285d
What is -2d4d (base 16) in base 6?
-125405
-18578 (base 12) to base 9
-53462
Convert -25bb (base 13) to base 9.
-7352
What is 780 (base 11) in base 16?
3a7
Convert -1a537 (base 11) to base 16.
-6fb4
What is -11022032 (base 4) in base 9?
-31882
Convert -30a8 (base 11) to base 8.
-10017
What is -8889 (base 13) in base 12?
-b029
1304442 (base 5) to base 15
78d2
-2361 (base 9) to base 4
-123130
Convert -111100000 (base 2) to base 9.
-583
What is -133310 (base 6) in base 5?
-344201
Convert -285 (base 9) to base 3.
-22212
-61255 (base 7) to base 16
-3a27
Convert 532 (base 6) to base 9.
242
110123 (base 5) to base 12
2238
What is 101110011 (base 2) in base 4?
11303
What is -136034 (base 8) in base 4?
-23300130
What is 3555 (base 10) in base 16?
de3
20142 (base 5) to base 12
901
Convert -14 (base 7) to base 5.
-21
Convert 3a27 (base 14) to base 12.
5b03
What is -1495 (base 16) in base 10?
-5269
Convert -7163 (base 8) to base 4.
-321303
-10100000011011001 (base 2) to base 7
-461316
What is 956 (base 10) in base 13?
587
What is -6ca (base 13) in base 3?
-1121201
238 (base 12) to base 7
653
-1c73 (base 14) to base 11
-39a5
-332140 (base 5) to base 7
-45442
Convert -1010201001 (base 3) to base 12.
-10b54
5396 (base 10) to base 11
4066
12105 (base 8) to base 10
5189
Convert -2022211010 (base 3) to base 6.
-552003
41267 (base 9) to base 5
1332241
22a (base 11) to base 14
158
What is 6735 (base 10) in base 7?
25431
Convert -3c3 (base 15) to base 4.
-31122
What is 134030 (base 5) in base 13?
2683
What is 36803 (base 10) in base 2?
1000111111000011
Convert 26390 (base 10) to base 5.
1321030
1031 (base 4) to base 16
4d
-5a2a (base 11) to base 10
-7897
What is 264 (base 16) in base 4?
21210
What is -1012201011 (base 3) in base 4?
-11310211
What is 1010 (base 11) in base 5?
20332
What is -1547 (base 8) in base 5?
-11441
7512 (base 12) to base 4
3020132
Convert 2353 (base 12